{"id":4464,"date":"2025-12-05T14:42:00","date_gmt":"2025-12-05T14:42:00","guid":{"rendered":"https:\/\/liceodemoguer.com\/?page_id=4464"},"modified":"2026-04-22T14:53:27","modified_gmt":"2026-04-22T14:53:27","slug":"agradecimiento-puerto-huelva-alumbrado-navidad-2026","status":"publish","type":"page","link":"http:\/\/liceodemoguer.com\/index.php\/agradecimiento-puerto-huelva-alumbrado-navidad-2026\/","title":{"rendered":"Encendido alumbrado navidad puerto huelva 2026: agradecimiento al Puerto de Huelva"},"content":{"rendered":"\t\t<div data-elementor-type=\"wp-page\" data-elementor-id=\"4464\" class=\"elementor elementor-4464\">\n\t\t\t\t\t\t\t\t\t<section class=\"elementor-section elementor-top-section elementor-element elementor-element-5f934d8 elementor-section-boxed elementor-section-height-default elementor-section-height-default qodef-elementor-content-no\" data-id=\"5f934d8\" data-element_type=\"section\">\n\t\t\t\t\t\t<div class=\"elementor-container elementor-column-gap-default\">\n\t\t\t\t\t<div class=\"elementor-column elementor-col-100 elementor-top-column elementor-element elementor-element-9cc7feb\" data-id=\"9cc7feb\" data-element_type=\"column\">\n\t\t\t<div class=\"elementor-widget-wrap elementor-element-populated\">\n\t\t\t\t\t\t\t\t<div class=\"elementor-element elementor-element-f079425 elementor-widget elementor-widget-heading\" data-id=\"f079425\" data-element_type=\"widget\" data-widget_type=\"heading.default\">\n\t\t\t\t<div class=\"elementor-widget-container\">\n\t\t\t<style>\/*! elementor - v3.7.4 - 31-08-2022 *\/\n.elementor-heading-title{padding:0;margin:0;line-height:1}.elementor-widget-heading .elementor-heading-title[class*=elementor-size-]>a{color:inherit;font-size:inherit;line-height:inherit}.elementor-widget-heading .elementor-heading-title.elementor-size-small{font-size:15px}.elementor-widget-heading .elementor-heading-title.elementor-size-medium{font-size:19px}.elementor-widget-heading .elementor-heading-title.elementor-size-large{font-size:29px}.elementor-widget-heading .elementor-heading-title.elementor-size-xl{font-size:39px}.elementor-widget-heading .elementor-heading-title.elementor-size-xxl{font-size:59px}<\/style><h2 class=\"elementor-heading-title elementor-size-default\"><h1 style=\"text-align: center;\">\n  Agradecimiento al \n  <a href=\"https:\/\/www.puertohuelva.com\/\" target=\"_blank\" rel=\"noopener noreferrer\">\n    Puerto de Huelva\n  <\/a> por su apoyo en el encendido navide\u00f1o 2026\n<\/h1><\/h2>\t\t<\/div>\n\t\t\t\t<\/div>\n\t\t\t\t\t<\/div>\n\t\t<\/div>\n\t\t\t\t\t\t\t<\/div>\n\t\t<\/section>\n\t\t\t\t<section class=\"elementor-section elementor-top-section elementor-element elementor-element-5bee452 elementor-section-boxed elementor-section-height-default elementor-section-height-default qodef-elementor-content-no\" data-id=\"5bee452\" data-element_type=\"section\">\n\t\t\t\t\t\t<div class=\"elementor-container elementor-column-gap-default\">\n\t\t\t\t\t<div class=\"elementor-column elementor-col-100 elementor-top-column elementor-element elementor-element-099bb3f\" data-id=\"099bb3f\" data-element_type=\"column\">\n\t\t\t<div class=\"elementor-widget-wrap elementor-element-populated\">\n\t\t\t\t\t\t\t\t<div class=\"elementor-element elementor-element-2eedaae elementor-widget elementor-widget-spacer\" data-id=\"2eedaae\" data-element_type=\"widget\" data-widget_type=\"spacer.default\">\n\t\t\t\t<div class=\"elementor-widget-container\">\n\t\t\t<style>\/*! elementor - v3.7.4 - 31-08-2022 *\/\n.elementor-column .elementor-spacer-inner{height:var(--spacer-size)}.e-container{--container-widget-width:100%}.e-container>.elementor-widget-spacer{width:var(--container-widget-width,var(--spacer-size));-ms-flex-item-align:stretch;align-self:stretch;-ms-flex-negative:0;flex-shrink:0}.e-container>.elementor-widget-spacer>.elementor-widget-container,.e-container>.elementor-widget-spacer>.elementor-widget-container>.elementor-spacer{height:100%}.e-container>.elementor-widget-spacer>.elementor-widget-container>.elementor-spacer>.elementor-spacer-inner{height:var(--container-widget-height,var(--spacer-size))}<\/style>\t\t<div class=\"elementor-spacer\">\n\t\t\t<div class=\"elementor-spacer-inner\"><\/div>\n\t\t<\/div>\n\t\t\t\t<\/div>\n\t\t\t\t<\/div>\n\t\t\t\t<div class=\"elementor-element elementor-element-64d8196 elementor-widget elementor-widget-text-editor\" data-id=\"64d8196\" data-element_type=\"widget\" data-widget_type=\"text-editor.default\">\n\t\t\t\t<div class=\"elementor-widget-container\">\n\t\t\t<style>\/*! elementor - v3.7.4 - 31-08-2022 *\/\n.elementor-widget-text-editor.elementor-drop-cap-view-stacked .elementor-drop-cap{background-color:#818a91;color:#fff}.elementor-widget-text-editor.elementor-drop-cap-view-framed .elementor-drop-cap{color:#818a91;border:3px solid;background-color:transparent}.elementor-widget-text-editor:not(.elementor-drop-cap-view-default) .elementor-drop-cap{margin-top:8px}.elementor-widget-text-editor:not(.elementor-drop-cap-view-default) .elementor-drop-cap-letter{width:1em;height:1em}.elementor-widget-text-editor .elementor-drop-cap{float:left;text-align:center;line-height:1;font-size:50px}.elementor-widget-text-editor .elementor-drop-cap-letter{display:inline-block}<\/style>\t\t\t\t<section>\n\n  <p>\n    Con motivo del encendido alumbrado navidad puerto huelva 2026, desde el Liceo Municipal de la M\u00fasica de Moguer queremos expresar nuestro m\u00e1s sincero agradecimiento al \n    <a href=\"https:\/\/www.puertohuelva.com\/\" target=\"_blank\" rel=\"noopener noreferrer\">\n      Puerto de Huelva\n    <\/a> por su firme compromiso con la cultura y su apoyo a la m\u00fasica en este evento tan significativo para la ciudad.\n  <\/p>\n\n  <p>\n    La colaboraci\u00f3n del Puerto de Huelva ha hecho posible la celebraci\u00f3n de una velada \u00fanica en el Paseo de la R\u00eda, donde la m\u00fasica coral interpretada por la Escolan\u00eda y la Coral Polif\u00f3nica del Liceo de Moguer, junto al Coro Rociero Joven de Huelva como artistas invitados, contribuy\u00f3 a crear un ambiente lleno de emoci\u00f3n y esp\u00edritu navide\u00f1o.\n  <\/p>\n\n  <p>\n    El acto, que cont\u00f3 con la presencia de la alcaldesa de Huelva, <strong>Pilar Miranda<\/strong>, y del presidente del Puerto de Huelva, <strong>Alberto Santana<\/strong>, reuni\u00f3 a numerosos asistentes que pudieron disfrutar tanto del encendido de la iluminaci\u00f3n como de una experiencia cultural completa.\n  <\/p>\n\n  <p>\n    Adem\u00e1s, iniciativas como la chocolatada ofrecida al p\u00fablico refuerzan el car\u00e1cter cercano y participativo de este tipo de eventos, fomentando la convivencia y el disfrute compartido en un entorno emblem\u00e1tico de la ciudad.\n  <\/p>\n\n  <h2><center>Compromiso con la cultura y la ciudadan\u00eda<\/h2>\n\n  <p>\n    El encendido del alumbrado navide\u00f1o del Puerto de Huelva no solo supone el inicio de las fiestas, sino tambi\u00e9n una muestra del papel que desempe\u00f1an las instituciones en el impulso de la actividad cultural y art\u00edstica. La apuesta por integrar la m\u00fasica en este tipo de celebraciones contribuye a enriquecer la experiencia de los ciudadanos y visitantes.\n  <\/p>\n\n  <p>\n    Desde el Liceo de Moguer valoramos especialmente este tipo de colaboraciones, que permiten a nuestro alumnado formar parte de eventos de gran relevancia y seguir creciendo tanto a nivel art\u00edstico como personal.\n  <\/p>\n\n  <h2><center>Una colaboraci\u00f3n que suma valor<\/h2>\n\n  <p>\n    La implicaci\u00f3n del Puerto de Huelva en la promoci\u00f3n de la cultura refuerza su papel como espacio abierto a la ciudadan\u00eda, consolidando el Paseo de la R\u00eda como uno de los principales puntos de encuentro durante la Navidad en Huelva.\n  <\/p>\n\n  <p>\n    Por todo ello, reiteramos nuestro agradecimiento al Puerto de Huelva por hacer posible esta experiencia y por seguir apostando por la cultura como motor de desarrollo social y emocional en la ciudad.\n  <\/p>\n\n<\/section>\t\t\t\t\t\t<\/div>\n\t\t\t\t<\/div>\n\t\t\t\t<div class=\"elementor-element elementor-element-5cb4cb3 elementor-widget elementor-widget-spacer\" data-id=\"5cb4cb3\" data-element_type=\"widget\" data-widget_type=\"spacer.default\">\n\t\t\t\t<div class=\"elementor-widget-container\">\n\t\t\t\t\t<div class=\"elementor-spacer\">\n\t\t\t<div class=\"elementor-spacer-inner\"><\/div>\n\t\t<\/div>\n\t\t\t\t<\/div>\n\t\t\t\t<\/div>\n\t\t\t\t<div class=\"elementor-element elementor-element-5f69116 elementor-widget elementor-widget-image\" data-id=\"5f69116\" data-element_type=\"widget\" data-widget_type=\"image.default\">\n\t\t\t\t<div class=\"elementor-widget-container\">\n\t\t\t<style>\/*! elementor - v3.7.4 - 31-08-2022 *\/\n.elementor-widget-image{text-align:center}.elementor-widget-image a{display:inline-block}.elementor-widget-image a img[src$=\".svg\"]{width:48px}.elementor-widget-image img{vertical-align:middle;display:inline-block}<\/style>\t\t\t\t\t\t\t\t\t\t\t\t<img loading=\"lazy\" decoding=\"async\" width=\"1024\" height=\"682\" src=\"http:\/\/liceodemoguer.com\/wp-content\/uploads\/2026\/04\/Foto-Puerto-Iluminado-1024x682.webp\" class=\"attachment-large size-large\" alt=\"\" srcset=\"http:\/\/liceodemoguer.com\/wp-content\/uploads\/2026\/04\/Foto-Puerto-Iluminado-1024x682.webp 1024w, http:\/\/liceodemoguer.com\/wp-content\/uploads\/2026\/04\/Foto-Puerto-Iluminado-300x200.webp 300w, http:\/\/liceodemoguer.com\/wp-content\/uploads\/2026\/04\/Foto-Puerto-Iluminado-768x512.webp 768w, http:\/\/liceodemoguer.com\/wp-content\/uploads\/2026\/04\/Foto-Puerto-Iluminado-1536x1023.webp 1536w, http:\/\/liceodemoguer.com\/wp-content\/uploads\/2026\/04\/Foto-Puerto-Iluminado.webp 1600w\" sizes=\"auto, (max-width: 1024px) 100vw, 1024px\" \/>\t\t\t\t\t\t\t\t\t\t\t\t\t\t\t<\/div>\n\t\t\t\t<\/div>\n\t\t\t\t<div class=\"elementor-element elementor-element-f8f4fb0 elementor-widget elementor-widget-spacer\" data-id=\"f8f4fb0\" data-element_type=\"widget\" data-widget_type=\"spacer.default\">\n\t\t\t\t<div class=\"elementor-widget-container\">\n\t\t\t\t\t<div class=\"elementor-spacer\">\n\t\t\t<div class=\"elementor-spacer-inner\"><\/div>\n\t\t<\/div>\n\t\t\t\t<\/div>\n\t\t\t\t<\/div>\n\t\t\t\t\t<\/div>\n\t\t<\/div>\n\t\t\t\t\t\t\t<\/div>\n\t\t<\/section>\n\t\t\t\t<section class=\"elementor-section elementor-top-section elementor-element elementor-element-ac2df22 elementor-section-boxed elementor-section-height-default elementor-section-height-default qodef-elementor-content-no\" data-id=\"ac2df22\" data-element_type=\"section\">\n\t\t\t\t\t\t<div class=\"elementor-container elementor-column-gap-default\">\n\t\t\t\t\t<div class=\"elementor-column elementor-col-50 elementor-top-column elementor-element elementor-element-3b63353\" data-id=\"3b63353\" data-element_type=\"column\">\n\t\t\t<div class=\"elementor-widget-wrap elementor-element-populated\">\n\t\t\t\t\t\t\t\t<div class=\"elementor-element elementor-element-70cae50 elementor-widget elementor-widget-image\" data-id=\"70cae50\" data-element_type=\"widget\" data-widget_type=\"image.default\">\n\t\t\t\t<div class=\"elementor-widget-container\">\n\t\t\t\t\t\t\t\t\t\t\t\t\t\t\t<img loading=\"lazy\" decoding=\"async\" width=\"591\" height=\"143\" src=\"http:\/\/liceodemoguer.com\/wp-content\/uploads\/2026\/04\/Logo-Puerto-Huelva.png\" class=\"attachment-medium_large size-medium_large\" alt=\"\" srcset=\"http:\/\/liceodemoguer.com\/wp-content\/uploads\/2026\/04\/Logo-Puerto-Huelva.png 591w, http:\/\/liceodemoguer.com\/wp-content\/uploads\/2026\/04\/Logo-Puerto-Huelva-300x73.png 300w\" sizes=\"auto, (max-width: 591px) 100vw, 591px\" \/>\t\t\t\t\t\t\t\t\t\t\t\t\t\t\t<\/div>\n\t\t\t\t<\/div>\n\t\t\t\t\t<\/div>\n\t\t<\/div>\n\t\t\t\t<div class=\"elementor-column elementor-col-50 elementor-top-column elementor-element elementor-element-0861e24\" data-id=\"0861e24\" data-element_type=\"column\">\n\t\t\t<div class=\"elementor-widget-wrap elementor-element-populated\">\n\t\t\t\t\t\t\t\t<div class=\"elementor-element elementor-element-3bd06fc elementor-widget elementor-widget-image\" data-id=\"3bd06fc\" data-element_type=\"widget\" data-widget_type=\"image.default\">\n\t\t\t\t<div class=\"elementor-widget-container\">\n\t\t\t\t\t\t\t\t\t\t\t\t\t\t\t<img loading=\"lazy\" decoding=\"async\" width=\"300\" height=\"150\" src=\"http:\/\/liceodemoguer.com\/wp-content\/uploads\/2022\/09\/Logo-Liceo-2021-300x150.png\" class=\"attachment-medium size-medium\" alt=\"\" srcset=\"http:\/\/liceodemoguer.com\/wp-content\/uploads\/2022\/09\/Logo-Liceo-2021-300x150.png 300w, http:\/\/liceodemoguer.com\/wp-content\/uploads\/2022\/09\/Logo-Liceo-2021-1024x513.png 1024w, http:\/\/liceodemoguer.com\/wp-content\/uploads\/2022\/09\/Logo-Liceo-2021-768x385.png 768w, http:\/\/liceodemoguer.com\/wp-content\/uploads\/2022\/09\/Logo-Liceo-2021-1536x770.png 1536w, http:\/\/liceodemoguer.com\/wp-content\/uploads\/2022\/09\/Logo-Liceo-2021-2048x1027.png 2048w, http:\/\/liceodemoguer.com\/wp-content\/uploads\/2022\/09\/Logo-Liceo-2021-1300x650.png 1300w\" sizes=\"auto, (max-width: 300px) 100vw, 300px\" \/>\t\t\t\t\t\t\t\t\t\t\t\t\t\t\t<\/div>\n\t\t\t\t<\/div>\n\t\t\t\t\t<\/div>\n\t\t<\/div>\n\t\t\t\t\t\t\t<\/div>\n\t\t<\/section>\n\t\t\t\t<section class=\"elementor-section elementor-top-section elementor-element elementor-element-c93924d elementor-section-boxed elementor-section-height-default elementor-section-height-default qodef-elementor-content-no\" data-id=\"c93924d\" data-element_type=\"section\">\n\t\t\t\t\t\t<div class=\"elementor-container elementor-column-gap-default\">\n\t\t\t\t\t<div class=\"elementor-column elementor-col-100 elementor-top-column elementor-element elementor-element-6bafde6\" data-id=\"6bafde6\" data-element_type=\"column\">\n\t\t\t<div class=\"elementor-widget-wrap elementor-element-populated\">\n\t\t\t\t\t\t\t\t<div class=\"elementor-element elementor-element-76d6aae elementor-widget elementor-widget-spacer\" data-id=\"76d6aae\" data-element_type=\"widget\" data-widget_type=\"spacer.default\">\n\t\t\t\t<div class=\"elementor-widget-container\">\n\t\t\t\t\t<div class=\"elementor-spacer\">\n\t\t\t<div class=\"elementor-spacer-inner\"><\/div>\n\t\t<\/div>\n\t\t\t\t<\/div>\n\t\t\t\t<\/div>\n\t\t\t\t\t<\/div>\n\t\t<\/div>\n\t\t\t\t\t\t\t<\/div>\n\t\t<\/section>\n\t\t\t\t\t\t\t<\/div>\n\t\t","protected":false},"excerpt":{"rendered":"<p>Agradecimiento al Puerto de Huelva por su apoyo en el encendido navide\u00f1o 2026 Con motivo del encendido alumbrado navidad puerto huelva 2026, desde el Liceo Municipal de la M\u00fasica de Moguer queremos expresar nuestro m\u00e1s sincero agradecimiento al Puerto de Huelva por su firme compromiso con la cultura y su apoyo a la m\u00fasica en [&hellip;]<\/p>\n","protected":false},"author":1,"featured_media":0,"parent":0,"menu_order":0,"comment_status":"closed","ping_status":"closed","template":"","meta":{"footnotes":""},"class_list":["post-4464","page","type-page","status-publish","hentry"],"yoast_head":"<!-- This site is optimized with the Yoast SEO plugin v23.3 - https:\/\/yoast.com\/wordpress\/plugins\/seo\/ -->\n<title>Encendido alumbrado navidad puerto huelva 2026: agradecimiento al Puerto de Huelva - Liceo de Moguer<\/title>\n<meta name=\"description\" content=\"Encendido alumbrado navidad puerto huelva 2026 y agradecimiento al Puerto de Huelva por su apoyo a la cultura y la m\u00fasica en este evento.\" \/>\n<meta name=\"robots\" content=\"index, follow, max-snippet:-1, max-image-preview:large, max-video-preview:-1\" \/>\n<link rel=\"canonical\" href=\"https:\/\/liceodemoguer.com\/index.php\/agradecimiento-puerto-huelva-alumbrado-navidad-2026\/\" \/>\n<meta property=\"og:locale\" content=\"es_ES\" \/>\n<meta property=\"og:type\" content=\"article\" \/>\n<meta property=\"og:title\" content=\"Encendido alumbrado navidad puerto huelva 2026: agradecimiento al Puerto de Huelva - Liceo de Moguer\" \/>\n<meta property=\"og:description\" content=\"Encendido alumbrado navidad puerto huelva 2026 y agradecimiento al Puerto de Huelva por su apoyo a la cultura y la m\u00fasica en este evento.\" \/>\n<meta property=\"og:url\" content=\"https:\/\/liceodemoguer.com\/index.php\/agradecimiento-puerto-huelva-alumbrado-navidad-2026\/\" \/>\n<meta property=\"og:site_name\" content=\"Liceo de Moguer\" \/>\n<meta property=\"article:modified_time\" content=\"2026-04-22T14:53:27+00:00\" \/>\n<meta property=\"og:image\" content=\"http:\/\/liceodemoguer.com\/wp-content\/uploads\/2026\/04\/Foto-Puerto-Iluminado-1024x682.webp\" \/>\n<meta name=\"twitter:card\" content=\"summary_large_image\" \/>\n<meta name=\"twitter:label1\" content=\"Tiempo de lectura\" \/>\n\t<meta name=\"twitter:data1\" content=\"3 minutos\" \/>\n<script type=\"application\/ld+json\" class=\"yoast-schema-graph\">{\"@context\":\"https:\/\/schema.org\",\"@graph\":[{\"@type\":\"WebPage\",\"@id\":\"https:\/\/liceodemoguer.com\/index.php\/agradecimiento-puerto-huelva-alumbrado-navidad-2026\/\",\"url\":\"https:\/\/liceodemoguer.com\/index.php\/agradecimiento-puerto-huelva-alumbrado-navidad-2026\/\",\"name\":\"Encendido alumbrado navidad puerto huelva 2026: agradecimiento al Puerto de Huelva - Liceo de Moguer\",\"isPartOf\":{\"@id\":\"http:\/\/liceodemoguer.com\/#website\"},\"primaryImageOfPage\":{\"@id\":\"https:\/\/liceodemoguer.com\/index.php\/agradecimiento-puerto-huelva-alumbrado-navidad-2026\/#primaryimage\"},\"image\":{\"@id\":\"https:\/\/liceodemoguer.com\/index.php\/agradecimiento-puerto-huelva-alumbrado-navidad-2026\/#primaryimage\"},\"thumbnailUrl\":\"http:\/\/liceodemoguer.com\/wp-content\/uploads\/2026\/04\/Foto-Puerto-Iluminado-1024x682.webp\",\"datePublished\":\"2025-12-05T14:42:00+00:00\",\"dateModified\":\"2026-04-22T14:53:27+00:00\",\"description\":\"Encendido alumbrado navidad puerto huelva 2026 y agradecimiento al Puerto de Huelva por su apoyo a la cultura y la m\u00fasica en este evento.\",\"breadcrumb\":{\"@id\":\"https:\/\/liceodemoguer.com\/index.php\/agradecimiento-puerto-huelva-alumbrado-navidad-2026\/#breadcrumb\"},\"inLanguage\":\"es\",\"potentialAction\":[{\"@type\":\"ReadAction\",\"target\":[\"https:\/\/liceodemoguer.com\/index.php\/agradecimiento-puerto-huelva-alumbrado-navidad-2026\/\"]}]},{\"@type\":\"ImageObject\",\"inLanguage\":\"es\",\"@id\":\"https:\/\/liceodemoguer.com\/index.php\/agradecimiento-puerto-huelva-alumbrado-navidad-2026\/#primaryimage\",\"url\":\"http:\/\/liceodemoguer.com\/wp-content\/uploads\/2026\/04\/Foto-Puerto-Iluminado-1024x682.webp\",\"contentUrl\":\"http:\/\/liceodemoguer.com\/wp-content\/uploads\/2026\/04\/Foto-Puerto-Iluminado-1024x682.webp\"},{\"@type\":\"BreadcrumbList\",\"@id\":\"https:\/\/liceodemoguer.com\/index.php\/agradecimiento-puerto-huelva-alumbrado-navidad-2026\/#breadcrumb\",\"itemListElement\":[{\"@type\":\"ListItem\",\"position\":1,\"name\":\"Portada\",\"item\":\"https:\/\/liceodemoguer.com\/\"},{\"@type\":\"ListItem\",\"position\":2,\"name\":\"Encendido alumbrado navidad puerto huelva 2026: agradecimiento al Puerto de Huelva\"}]},{\"@type\":\"WebSite\",\"@id\":\"http:\/\/liceodemoguer.com\/#website\",\"url\":\"http:\/\/liceodemoguer.com\/\",\"name\":\"Liceo de Moguer\",\"description\":\"Escuela Integral de Artes Esc\u00e9nicas\",\"potentialAction\":[{\"@type\":\"SearchAction\",\"target\":{\"@type\":\"EntryPoint\",\"urlTemplate\":\"http:\/\/liceodemoguer.com\/?s={search_term_string}\"},\"query-input\":\"required name=search_term_string\"}],\"inLanguage\":\"es\"}]}<\/script>\n<!-- \/ Yoast SEO plugin. -->","yoast_head_json":{"title":"Encendido alumbrado navidad puerto huelva 2026: agradecimiento al Puerto de Huelva - Liceo de Moguer","description":"Encendido alumbrado navidad puerto huelva 2026 y agradecimiento al Puerto de Huelva por su apoyo a la cultura y la m\u00fasica en este evento.","robots":{"index":"index","follow":"follow","max-snippet":"max-snippet:-1","max-image-preview":"max-image-preview:large","max-video-preview":"max-video-preview:-1"},"canonical":"https:\/\/liceodemoguer.com\/index.php\/agradecimiento-puerto-huelva-alumbrado-navidad-2026\/","og_locale":"es_ES","og_type":"article","og_title":"Encendido alumbrado navidad puerto huelva 2026: agradecimiento al Puerto de Huelva - Liceo de Moguer","og_description":"Encendido alumbrado navidad puerto huelva 2026 y agradecimiento al Puerto de Huelva por su apoyo a la cultura y la m\u00fasica en este evento.","og_url":"https:\/\/liceodemoguer.com\/index.php\/agradecimiento-puerto-huelva-alumbrado-navidad-2026\/","og_site_name":"Liceo de Moguer","article_modified_time":"2026-04-22T14:53:27+00:00","og_image":[{"url":"http:\/\/liceodemoguer.com\/wp-content\/uploads\/2026\/04\/Foto-Puerto-Iluminado-1024x682.webp"}],"twitter_card":"summary_large_image","twitter_misc":{"Tiempo de lectura":"3 minutos"},"schema":{"@context":"https:\/\/schema.org","@graph":[{"@type":"WebPage","@id":"https:\/\/liceodemoguer.com\/index.php\/agradecimiento-puerto-huelva-alumbrado-navidad-2026\/","url":"https:\/\/liceodemoguer.com\/index.php\/agradecimiento-puerto-huelva-alumbrado-navidad-2026\/","name":"Encendido alumbrado navidad puerto huelva 2026: agradecimiento al Puerto de Huelva - Liceo de Moguer","isPartOf":{"@id":"http:\/\/liceodemoguer.com\/#website"},"primaryImageOfPage":{"@id":"https:\/\/liceodemoguer.com\/index.php\/agradecimiento-puerto-huelva-alumbrado-navidad-2026\/#primaryimage"},"image":{"@id":"https:\/\/liceodemoguer.com\/index.php\/agradecimiento-puerto-huelva-alumbrado-navidad-2026\/#primaryimage"},"thumbnailUrl":"http:\/\/liceodemoguer.com\/wp-content\/uploads\/2026\/04\/Foto-Puerto-Iluminado-1024x682.webp","datePublished":"2025-12-05T14:42:00+00:00","dateModified":"2026-04-22T14:53:27+00:00","description":"Encendido alumbrado navidad puerto huelva 2026 y agradecimiento al Puerto de Huelva por su apoyo a la cultura y la m\u00fasica en este evento.","breadcrumb":{"@id":"https:\/\/liceodemoguer.com\/index.php\/agradecimiento-puerto-huelva-alumbrado-navidad-2026\/#breadcrumb"},"inLanguage":"es","potentialAction":[{"@type":"ReadAction","target":["https:\/\/liceodemoguer.com\/index.php\/agradecimiento-puerto-huelva-alumbrado-navidad-2026\/"]}]},{"@type":"ImageObject","inLanguage":"es","@id":"https:\/\/liceodemoguer.com\/index.php\/agradecimiento-puerto-huelva-alumbrado-navidad-2026\/#primaryimage","url":"http:\/\/liceodemoguer.com\/wp-content\/uploads\/2026\/04\/Foto-Puerto-Iluminado-1024x682.webp","contentUrl":"http:\/\/liceodemoguer.com\/wp-content\/uploads\/2026\/04\/Foto-Puerto-Iluminado-1024x682.webp"},{"@type":"BreadcrumbList","@id":"https:\/\/liceodemoguer.com\/index.php\/agradecimiento-puerto-huelva-alumbrado-navidad-2026\/#breadcrumb","itemListElement":[{"@type":"ListItem","position":1,"name":"Portada","item":"https:\/\/liceodemoguer.com\/"},{"@type":"ListItem","position":2,"name":"Encendido alumbrado navidad puerto huelva 2026: agradecimiento al Puerto de Huelva"}]},{"@type":"WebSite","@id":"http:\/\/liceodemoguer.com\/#website","url":"http:\/\/liceodemoguer.com\/","name":"Liceo de Moguer","description":"Escuela Integral de Artes Esc\u00e9nicas","potentialAction":[{"@type":"SearchAction","target":{"@type":"EntryPoint","urlTemplate":"http:\/\/liceodemoguer.com\/?s={search_term_string}"},"query-input":"required name=search_term_string"}],"inLanguage":"es"}]}},"_links":{"self":[{"href":"http:\/\/liceodemoguer.com\/index.php\/wp-json\/wp\/v2\/pages\/4464","targetHints":{"allow":["GET"]}}],"collection":[{"href":"http:\/\/liceodemoguer.com\/index.php\/wp-json\/wp\/v2\/pages"}],"about":[{"href":"http:\/\/liceodemoguer.com\/index.php\/wp-json\/wp\/v2\/types\/page"}],"author":[{"embeddable":true,"href":"http:\/\/liceodemoguer.com\/index.php\/wp-json\/wp\/v2\/users\/1"}],"replies":[{"embeddable":true,"href":"http:\/\/liceodemoguer.com\/index.php\/wp-json\/wp\/v2\/comments?post=4464"}],"version-history":[{"count":4,"href":"http:\/\/liceodemoguer.com\/index.php\/wp-json\/wp\/v2\/pages\/4464\/revisions"}],"predecessor-version":[{"id":4471,"href":"http:\/\/liceodemoguer.com\/index.php\/wp-json\/wp\/v2\/pages\/4464\/revisions\/4471"}],"wp:attachment":[{"href":"http:\/\/liceodemoguer.com\/index.php\/wp-json\/wp\/v2\/media?parent=4464"}],"curies":[{"name":"wp","href":"https:\/\/api.w.org\/{rel}","templated":true}]}}